t common divisor of z and s.
5
Let f = -441 + 913. Calculate the highest common divisor of f and 295.
59
Let n(s) = -2*s + 2. Let j be n(-2). Let b = 35 - 33. Let q be 2 - (-1 - (b + -2)). What is the greatest common divisor of q and j?
3
Let h(c) = 2*c + 6. Let v be h(8). Calculate the highest common divisor of 121 and v.
11
Let h be (-10)/(-25) + (-6)/(-10). Let i be 62/16 - 2/(-16). What is the greatest common divisor of i and h?
1
Suppose -3*r - 2*v = 282, -2*r = 3*v - 42 + 225. Let n = 168 + r. Calculate the greatest common factor of n and 18.
18
Let k be 10/(-10) + 4*-1. Let b be 10 - 0/k - -5. What is the highest common factor of 135 and b?
15
Let a be (-1)/3*-6 - 0. Let m(k) = 52*k**a - 7*k**2 - 7*k + 4 + 3*k + 24*k**2. Let x be m(2). Calculate the highest common divisor of x and 34.
34
Suppose a - 3*w = -13 + 35, -4*a = -w - 99. Let j(i) = -4*i**3 + 5*i + 100. Let h be j(0). What is the greatest common factor of h and a?
25
Let z = 686 - 510. What is the highest common factor of 44 and z?
44
Let u = 4 + -2. Let k(l) = 27*l**2 - 3*l + 3. Let b be k(u). Suppose -2*m + 4*h = -22, 7 + 12 = m + 2*h. Calculate the highest common factor of b and m.
15
Let p(g) = 0*g**2 + 2*g + 3*g**2 - 5 - 2. Let y be p(3). Let a = y - 16. Calculate the greatest common factor of 80 and a.
10
Let g be (8/5)/(1/25). Let a(s) = 0*s**2 - 7*s + s**2 + 2 + 0 + 3. Let w be a(7). What is the highest common divisor of w and g?
5
Suppose 15 + 45 = -4*p. Let i = 18 + p. What is the highest common factor of i and 3?
3
Let i(r) = -r**3 + 29*r**2 - 126*r + 24. Let s be i(18). What is the greatest common factor of 24 and s?
24
Let y = -56 + 37. Let u = y - -20. Calculate the highest common factor of 9 and u.
1
Suppose -11*q + 357 = -391. Suppose -5*a + 16 + 69 = 0. Calculate the highest common factor of a and q.
17
Suppose -4*p - m + 540 = p, p = -2*m + 117. Let z = p + 131. What is the highest common factor of 14 and z?
14
Let k be 4 + 0 + 1 - 144236/(-107). What is the highest common factor of k and 33?
33
Let g = 5 + 23. Suppose -3*l + 79 - g = -3*r, -l + 12 = 4*r. Let j be (-1)/(((-2)/(-128))/(-1)). Calculate the greatest common divisor of j and l.
16
Let j = 7 - 3. Suppose -14 = j*d - 46. Let f be (5 - 8/(-4))*8. Calculate the greatest common factor of d and f.
8
Let p be (0/3 - 1)*2. Let d(s) = 14*s**3 + 2*s**2 + 4*s + 3. Let o be d(p). Let r = 352 + o. Calculate the highest common factor of r and 27.
27
Suppose 0 = -169*r + 157*r + 1476. What is the highest common divisor of 41 and r?
41
Let h(k) = -k - 2. Let f be h(-2). Suppose f = 3*r + 39 - 114. Calculate the greatest common factor of r and 5.
5
Let u be (-43)/(-9) - (-24)/108. Suppose 3*q + 3*q = 30. What is the highest common divisor of u and q?
5
Suppose -22*j - 2955 = -39*j + 190. Suppose -4*w + 2*w = -74. What is the highest common factor of w and j?
37
Suppose -26*a + 21*a = -v - 143, -v - 114 = -4*a. Calculate the highest common divisor of 551 and a.
29
Suppose 4*r = 27 + 45. What is the highest common factor of 9 and r?
9
Let x = -1899 + 1932. Calculate the greatest common divisor of x and 572.
11
Suppose 140 = 5*h - 0*h. Let j(q) = 4*q + 118. Let p be j(-19). What is the greatest common divisor of h and p?
14
Let a be (2/4)/(0 - 3/(-60)). Suppose a*u - 129 = 81. Calculate the highest common factor of 3 and u.
3
Let h be 0*2/2 + 36. Let r(y) = -25*y + 90. Let n be r(0). Calculate the highest common factor of n and h.
18
Suppose 2*g = -u - 3*g + 38, 154 = 3*u - 5*g. Let x be (-3)/(6*-1)*u. What is the highest common divisor of x and 60?
12
Let t be (-10)/8*(-9 + 5). Let h be 6 + 47 + -2 - -4. Calculate the highest common divisor of h and t.
5
Let b be (5 + (-48)/9)/(2/(-30)). Suppose -3*h = 3*x - 198, b*x + 54 = 4*h - 3*h. What is the highest common factor of h and 160?
32
Suppose 12 = -3*v, 4*v + 20 = 4*g + 3*v. Let m = -25 + 29. Suppose 4 = -n, -g = -m*o + 2*n + 28. Calculate the greatest common divisor of o and 6.
6
Let f be 11 + -1 + (-8 - -6). Suppose 3*c = 4 + f. Suppose -3*m - 4*q = -524, c*m + 2*q = -0*q + 682. Calculate the greatest common factor of m and 24.
24
Suppose -b - 5*l = -18, -3*b + 7*l - 4*l = -54. Suppose 2*t + t = b. Calculate the highest common factor of 9 and t.
3
Suppose -26*j + 23*j = -252. Suppose j = 50*o - 47*o. Calculate the highest common divisor of 98 and o.
14
Suppose 3*d + 9*d = 864. What is the greatest common divisor of d and 396?
36
Let a(p) = -3*p + 9. Let k be a(4). Let n be (-190)/(-35) - k/(-7). Suppose -o = t - 11, n*t = -0*t - 15. Calculate the greatest common factor of 28 and o.
14
Let v = 284 - 235. Calculate the highest common divisor of 42 and v.
7
Let u(i) = 17*i + 4. Let b be u(-1). Let s be (-1042)/b + (-6)/39. Suppose -2*w + w = 3*m - 19, w - 1 = 3*m. What is the highest common divisor of w and s?
10
Let d be 920/16*(-216)/(-15). Calculate the highest common divisor of 36 and d.
36
Let d(v) = -v**2 - 14*v - 10. Let y be d(-3). What is the greatest common factor of y and 207?
23
Let i be 612/238*28/3. What is the greatest common divisor of i and 732?
12
Suppose -60 = -5*u + 4*x + x, 2*u - x = 29. Let b be (-102)/u - (-1 - 0). Let p = b - -16. Calculate the highest common divisor of 88 and p.
11
Suppose -39 = -2*u + 101. Suppose -2*i + 1 = 2*y - 13, -5*i = -2*y - u. Let w be 0 + 4 + 1 - -1. Calculate the highest common factor of w and i.
6
Suppose o - 21 = -0*o. Let j = o - 12. Suppose -2*f + 21*u - 17*u - 2 = 0, -3*f + 2*u = -17. What is the greatest common factor of j and f?
9
Let q be 82/(-4)*(8 + -10). Let c be (2 + -5 - -1) + 412. What is the highest common divisor of c and q?
41
Suppose 3 + 5 = -8*f. Let y be 4/f - (-4 + -5). What is the highest common factor of 5 and y?
5
Let h = 5 + -21. Let d be h/(-6)*(-90)/40. Let w be (54/(-24))/(d/16). Calculate the highest common factor of 54 and w.
6
Let v be 0/2 + 62 - (1 + -3). Let i be v - -2*4/(-8). Calculate the greatest common factor of i and 9.
9
Let z = 92 - 68. What is the highest common divisor of 120 and z?
24
Let c = 43 + -43. Suppose 6*w - 359 + 143 = c. Calculate the greatest common factor of w and 4.
4
Suppose 2*w - f - 2*f = 0, -2*w = -4*f. Let r be ((w - -3)/9)/((-3)/(-54)). Calculate the highest common factor of 12 and r.
6
Let q(p) = p**2 - 7*p + 2. Let l be q(7). Suppose 28 = 6*u - l*u. What is the highest common factor of u and 21?
7
Let a(j) = -9*j**2 + 2*j + 14. Let o be a(0). What is the greatest common factor of o and 21?
7
Let u(b) = -6*b - 3. Let v be u(-1). Calculate the greatest common factor of 23 and v.
1
Suppose -60*u + 12 = -59*u. Calculate the highest common factor of u and 76.
4
Let m = -46 + 64. Suppose i = -i - 16. Let h = m + i. Calculate the highest common factor of h and 15.
5
Let f = 98 - -22. Calculate the highest common factor of f and 24.
24
Let m(j) = -j**3 - 2*j**2 + 2*j - 1. Suppose n + 0*n = -3*i - 4, -37 = 4*i - 5*n. Let g be m(i). Let w = 25 - 9. What is the highest common factor of g and w?
2
Suppose -4*w + 273 = 2*g - 189, 4*g + 226 = 2*w. Let i(d) = 23*d. Let n be i(2). What is the highest common divisor of w and n?
23
Let m(p) = -2*p**2 - 3*p + 1. Let s be m(4). Let h be (-4 - -1) + (-4 - s). Suppose -13 - 14 = -3*d. What is the greatest common factor of h and d?
9
Let b = -97 - -105. Suppose 162 = 2*i - 280. Suppose 2*t - 5*f - 196 = 0, -4*t - f + 127 + i = 0. What is the highest common factor of b and t?
8
Let p(z) = z**3 - 11*z**2 + 9. Let i be p(11). Suppose -3*l - 120 = -2*o, -124*o - 179 = -127*o + 5*l. What is the greatest common divisor of i and o?
9
Let d = -6 + 8. Suppose d*c - 4*c + 5*t + 40 = 0, -3*c = -2*t - 38. What is the highest common divisor of 10 and c?
10
Let k = 235 + -231. Calculate the highest common factor of 1 and k.
1
Let k(n) = -n**2 + 9*n - 20. Let z be k(6). Let x be (-2 - z/2)/((-7)/147). What is the greatest common factor of x and 21?
21
Let k(c) = c**2 + 3*c - 8. Let u = 28 + -30. Let a be (-54)/4*u/3. Let v be k(a). What is the greatest common divisor of 20 and v?
20
Suppose -13 = -3*k - 3*x - 1, -4*k + 16 = -2*x. Let j be 17 - (3 + -9)/2. Calculate the highest common divisor of k and j.
4
Suppose -87 = -5*o - 77. What is the greatest common divisor of 2 and o?
2
Suppose -8 + 2 = -2*y. Suppose y*w = 1 + 41. What is the